1
-16636 (base 9) to base 11
-8673
-4bd (base 14) to base 16
-3b7
94a3 (base 15) to base 9
47100
-4e1 (base 16) to base 15
-584
What is -11100201 (base 3) in base 14?
-1230
-10111101 (base 3) to base 15
-b4d
12210321 (base 4) to base 8
64471
Convert 31122 (base 4) to base 6.
3550
3345 (base 10) to base 13
16a4
-a4a (base 16) to base 12
-1636
-1d6 (base 16) to base 11
-398
What is 210021 (base 5) in base 12?
3b9a
What is 1983 (base 11) in base 14?
cb5
What is a0ca (base 16) in base 2?
1010000011001010
What is 14354 (base 6) in base 10?
2302
5188 (base 14) to base 16
36d4
Convert 19a1 (base 13) to base 12.
2289
Convert 210122 (base 3) to base 10.
584
Convert 4610 (base 8) to base 12.
14b4
What is -120201002 (base 3) in base 12?
-6762
Convert -17101 (base 12) to base 7.
-165100
1276 (base 13) to base 6
20104
Convert -1c7 (base 14) to base 16.
-173
Convert -61225 (base 8) to base 13.
-b644
Convert -11011100011010 (base 2) to base 6.
-145150
What is -3272 (base 8) in base 9?
-2323
What is -11100100000011 (base 2) in base 7?
-60360
13 (base 10) to base 5
23
Convert -10511 (base 10) to base 8.
-24417
Convert 210211 (base 3) to base 7.
1501
What is -2120333 (base 4) in base 14?
-37d5
Convert -2222013 (base 5) to base 16.
-9860
Convert 162b1 (base 14) to base 2.
1101100010000011
-8550 (base 16) to base 15
-a1a3
-1014210 (base 5) to base 10
-16805
10022 (base 3) to base 11
81
Convert 54108 (base 9) to base 14.
d09c
What is -252 (base 7) in base 8?
-207
-10430 (base 5) to base 4
-23210
What is -6754 (base 15) in base 2?
-101010110010000
What is -23332 (base 5) in base 11?
-1321
What is 5a7a (base 12) in base 14?
39ca
Convert 423 (base 9) to base 7.
1002
Convert 2222 (base 5) to base 7.
624
Convert 35335 (base 6) to base 16.
13eb
-3c6 (base 15) to base 14
-457
-101101010 (base 2) to base 7
-1025
Convert 12121020 (base 3) to base 9.
5536
-22220221 (base 3) to base 7
-24652
2721 (base 11) to base 14
1404
Convert -2213 (base 4) to base 9.
-205
What is -11001010011010 (base 2) in base 14?
-4a14
-c8 (base 14) to base 16
-b0
-113421 (base 5) to base 15
-13c6
605 (base 10) to base 9
742
What is 12044 (base 6) in base 7?
5056
53 (base 13) to base 9
75
Convert -123310 (base 4) to base 15.
-7da
What is -4603 (base 7) in base 9?
-2254
4430 (base 5) to base 14
31d
Convert -146 (base 7) to base 14.
-5d
Convert b40e (base 15) to base 3.
1221011212
Convert -102020 (base 3) to base 9.
-366
-54052 (base 8) to base 15
-6a4a
Convert 253 (base 8) to base 15.
b6
36 (base 11) to base 13
30
344 (base 12) to base 8
744
2051 (base 6) to base 13
298
-8cc8 (base 15) to base 4
-13103000
104027 (base 8) to base 16
8817
What is 2847 (base 11) in base 15?
1156
24a4 (base 15) to base 16
1e7c
1054b (base 14) to base 4
21220213
What is 37012 (base 10) in base 6?
443204
What is -1151 (base 7) in base 4?
-12230
What is -409f (base 16) in base 2?
-100000010011111
What is 6534 (base 10) in base 15?
1e09
Convert -532 (base 9) to base 15.
-1de
1556 (base 9) to base 11
988
-44c6 (base 15) to base 4
-3203322
What is 1181 (base 11) in base 9?
2102
What is -173 (base 16) in base 14?
-1c7
What is 1011 (base 6) in base 7?
436
What is 3507 (base 13) in base 4?
1310103
-10403 (base 9) to base 4
-1223220
Convert 1bb (base 14) to base 13.
21a
What is -202323 (base 4) in base 15?
-9e0
Convert -10410 (base 5) to base 11.
-604
What is 101102 (base 4) in base 3?
1111222
What is 2011 (base 4) in base 10?
133
Convert -311633 (base 7) to base 8.
-150353
What is -213110 (base 4) in base 10?
-2516
1000111101001010 (base 2) to base 8
107512
What is -317a (base 12) in base 8?
-12456
-639 (base 11) to base 6
-3320
What is -2ce (base 16) in base 7?
-2044
What is 131443 (base 7) in base 9?
36641
Convert 1032300 (base 4) to base 8.
11660
What is -2720 (base 8) in base 4?
-113100
What is 7068 (base 9) in base 6?
35525
Convert 326 (base 16) to base 2.
1100100110
What is -294 (base 14) in base 10?
-522
Convert -2821 (base 15) to base 10.
-8581
What is 7090 (base 10) in base 3?
100201121
-7768 (base 9) to base 10
-5732
What is -1333 (base 5) in base 10?
-218
-33750 (base 8) to base 9
-21562
What is 19411 (base 14) in base 12?
30b9b
-40312 (base 5) to base 15
-b72
Convert -1201202220 (base 3) to base 11.
-23689
What is -3967 (base 14) in base 8?
-23547
What is 11c64 (base 13) in base 4?
20001210
Convert -313032 (base 5) to base 2.
-10100010011000
Convert 215003 (base 7) to base 6.
450405
What is 122331 (base 4) in base 13?
a29
What is 215 (base 6) in base 10?
83
Convert -110110010001 (base 2) to base 7.
-13061
1122330 (base 4) to base 11
4411
What is 100000011 (base 2) in base 14?
147
-1112102 (base 3) to base 6
-5102
What is -9d8 (base 16) in base 5?
-40040
What is 243 (base 10) in base 15?
113
Convert -110 (base 13) to base 4.
-2312
211110 (base 3) to base 11
501
What is 41942 (base 10) in base 5?
2320232
-732 (base 13) to base 10
-1224
What is -1040 (base 6) in base 14?
-132
10903 (base 11) to base 10
15733
Convert 1020 (base 6) to base 5.
1403
Convert 101000120 (base 3) to base 5.
213210
What is -2042 (base 6) in base 12?
-322
What is 102002 (base 5) in base 6?
23345
116 (base 13) to base 15
c8
Convert 101022120 (base 3) to base 4.
1311201
-17666 (base 12) to base 6
-420210
Convert -13235 (base 6) to base 16.
-7f7
-1261 (base 8) to base 10
-689
-4445 (base 6) to base 9
-1372
What is b14 (base 14) in base 12?
1312
Convert -1082 (base 9) to base 8.
-1443
-18c (base 13) to base 3
-101120
-32020 (base 5) to base 13
-c83
Convert -11110000110011 (base 2) to base 11.
-10640
What is 210 (base 16) in base 9?
646
What is 306 (base 12) in base 13?
279
Convert 836 (base 11) to base 9.
1338
Convert -111110001000 (base 2) to base 4.
-332020
-11100100100 (base 2) to base 3
-2111201
Convert -1232 (base 9) to base 3.
-1021002
1953 (base 13) to base 8
7312
-4ad (base 14) to base 16
-3a9
What is -1586 (base 15) in base 12?
-2816
Convert -13a5 (base 12) to base 13.
-106a
What is 12100 (base 4) in base 6?
1504
What is 2e41 (base 16) in base 11?
8995
9226 (base 11) to base 16
2fd9
Convert 766e (base 16) to base 8.
73156
-239 (base 12) to base 11
-283
-40304 (base 6) to base 8
-12260
What is 2203 (base 6) in base 2?
111111011
21233 (base 4) to base 9
762
Convert 2212 (base 4) to base 15.
b1
What is 1002112 (base 3) in base 6?
3405
What is 2378 (base 16) in base 15?
2a55
Convert -3011 (base 6) to base 2.
-1010001111
101011000100000 (base 2) to base 3
1010020121
42a0 (base 11) to base 7
22356
What is 12145 (base 6) in base 13?
a7c
-750 (base 9) to base 14
-31a
-1010101 (base 2) to base 3
-10011
-1fd0 (base 16) to base 4
-1333100
Convert 40123 (base 6) to base 3.
21011220
17084 (base 11) to base 10
24050
-470 (base 15) to base 10
-1005
What is -12636 (base 11) in base 10?
-18068
Convert -32243 (base 5) to base 3.
-10000102
-121303 (base 4) to base 2
-11001110011
2211101 (base 3) to base 12
123a
348 (base 11) to base 6
1531
What is 38341 (base 10) in base 15?
b561
What is -453c (base 13) in base 14?
-375a
Convert -625 (base 10) to base 12.
-441
Convert 547 (base 11) to base 12.
468
31c (base 13) to base 11
444
Convert -1066 (base 15) to base 11.
-2676
Convert -101111001100000 (base 2) to base 14.
-8b3a
What is -1011110010 (base 2) in base 3?
-1000221
-1e6 (base 15) to base 12
-309
233 (base 4) to base 8
57
-1641 (base 7) to base 11
-556
-200 (base 16) to base 14
-288
Convert -743 (base 10) to base 5.
-10433
10158 (base 9) to base 10
6695
Convert 67307 (base 10) to base 15.
14e22
Convert de7 (base 16) to base 13.
180a
-15312 (base 9) to base 6
-120232
Convert 200001 (base 6) to base 14.
594d
48 (base 12) to base 2
111000
Convert -19a77 (base 12) to base 2.
-1001001110111011
1222 (base 3) to base 2
110101
What is 1210002 (base 3) in base 9?
1702
Convert -4212 (base 5) to base 2.
-1000101101
-37a2 (base 11) to base 9
-6712
What is -125324 (base 6) in base 4?
-2310310
Convert -724 (base 8) to base 4.
-13110
334 (base 11) to base 5
3100
Convert -2220 (base 7) to base 11.
-666
-1fb (base 16) to base 8
-773
What is 166701 (base 8) in base 6?
1145441
Convert 33a (base 12) to base 3.
122201
Convert 1002 (base 5) to base 16.
7f
What is 350 (base 14) in base 10?
658
Convert 7df (base 16) to base 11.
1572
-46e (base 16) to base 4
-101232
Convert 22201 (